{"id":968,"date":"2026-01-24T06:14:13","date_gmt":"2026-01-24T06:14:13","guid":{"rendered":"https:\/\/carma-project.pl\/?page_id=968"},"modified":"2026-03-13T13:33:05","modified_gmt":"2026-03-13T13:33:05","slug":"prace-laboratoryjne-2025","status":"publish","type":"page","link":"https:\/\/carma-project.pl\/index.php\/prace-laboratoryjne-2025\/","title":{"rendered":"Prace laboratoryjne 2025"},"content":{"rendered":"\t\t<div data-elementor-type=\"wp-page\" data-elementor-id=\"968\" class=\"elementor elementor-968\" data-elementor-settings=\"{&quot;ha_cmc_init_switcher&quot;:&quot;no&quot;}\">\n\t\t\t\t<div class=\"elementor-element elementor-element-64323323 e-flex e-con-boxed e-con e-parent\" data-id=\"64323323\" data-element_type=\"container\" data-e-type=\"container\" data-settings=\"{&quot;background_background&quot;:&quot;classic&quot;,&quot;_ha_eqh_enable&quot;:false}\">\n\t\t\t\t\t<div class=\"e-con-inner\">\n\t\t\t\t<div class=\"elementor-element elementor-element-46755d6d elementor-widget elementor-widget-elementskit-heading\" data-id=\"46755d6d\" data-element_type=\"widget\" data-e-type=\"widget\" data-widget_type=\"elementskit-heading.default\">\n\t\t\t\t<div class=\"elementor-widget-container\">\n\t\t\t\t\t<div class=\"ekit-wid-con\" ><div class=\"ekit-heading elementskit-section-title-wraper center   ekit_heading_tablet-   ekit_heading_mobile-\"><h2 class=\"ekit-heading--title elementskit-section-title \">Prace laboratoryjne <\/h2><\/div><\/div>\t\t\t\t<\/div>\n\t\t\t\t<\/div>\n\t\t\t\t<div class=\"elementor-element elementor-element-2f901d2 elementor-widget elementor-widget-text-editor\" data-id=\"2f901d2\" data-element_type=\"widget\" data-e-type=\"widget\" data-widget_type=\"text-editor.default\">\n\t\t\t\t<div class=\"elementor-widget-container\">\n\t\t\t\t\t\t\t\t\t<p class=\"p1\">Prace laboratoryjne obejmuj\u0105 identyfikowane zebranego materia\u0142u do gatunku i starannie oczyszczane z wszelkich epibiont\u00f3w \u2013 drobnych organizm\u00f3w porastaj\u0105cych, kt\u00f3re mog\u0142yby zak\u0142\u00f3ci\u0107 wyniki bada\u0144. Nast\u0119pnie szkielet lub fragment kolonii (np. w przypadku mszywio\u0142\u00f3w) poddawany jest k\u0105pieli ultrad\u017awi\u0119kowej w wodzie ultra-czystej, a nast\u0119pnie suszony w temperaturze 70<span class=\"s1\">\u202f<\/span>\u00b0C przez 24 godziny. Dalsze czynno\u015bci obejmuj\u0105 wieloetapowe przygotowanie roztwor\u00f3w zawieraj\u0105cych rozpuszczone szkielety w\u0119glanowe (zdj\u0119cia) do analiz geochemicznych. Oznaczanie st\u0119\u017cenia pierwiastk\u00f3w takich jak Ca, Mg, Na, Sr, Mn, Ba, Cu, Pb, Y, V i Cd przy u\u017cyciu spektrometrii mas z plazm\u0105 indukcyjnie sprz\u0119\u017con\u0105 (ICP-MS-QQQ), prowadzone jest przez specjalist\u00f3w z Imaging and Analysis Center w Muzeum Historii Naturalnej w Londynie (<a href=\"https:\/\/www.nhm.ac.uk\/our-science\/services\/facilities\/imaging-analysis.html\">https:\/\/www.nhm.ac.uk\/our-science\/services\/facilities\/imaging-analysis.html<\/a>).<\/p>\t\t\t\t\t\t\t\t<\/div>\n\t\t\t\t<\/div>\n\t\t\t\t<div class=\"elementor-element elementor-element-a255963 gallery-spacing-custom elementor-widget elementor-widget-image-gallery\" data-id=\"a255963\" data-element_type=\"widget\" data-e-type=\"widget\" data-widget_type=\"image-gallery.default\">\n\t\t\t\t<div class=\"elementor-widget-container\">\n\t\t\t\t\t\t\t<div class=\"elementor-image-gallery\">\n\t\t\t<div id='gallery-1' class='gallery galleryid-968 gallery-columns-2 gallery-size-full'><figure class='gallery-item'>\n\t\t\t<div class='gallery-icon portrait'>\n\t\t\t\t<a data-elementor-open-lightbox=\"yes\" data-elementor-lightbox-slideshow=\"a255963\" data-elementor-lightbox-title=\"laboratorium-scaled\" data-e-action-hash=\"#elementor-action%3Aaction%3Dlightbox%26settings%3DeyJpZCI6MTE4OSwidXJsIjoiaHR0cHM6XC9cL2Nhcm1hLXByb2plY3QucGxcL3dwLWNvbnRlbnRcL3VwbG9hZHNcLzIwMjZcLzAzXC9sYWJvcmF0b3JpdW0tc2NhbGVkLTEuanBnIiwic2xpZGVzaG93IjoiYTI1NTk2MyJ9\" href='https:\/\/carma-project.pl\/wp-content\/uploads\/2026\/03\/laboratorium-scaled-1.jpg'><img fetchpriority=\"high\" decoding=\"async\" width=\"2276\" height=\"2560\" src=\"https:\/\/carma-project.pl\/wp-content\/uploads\/2026\/03\/laboratorium-scaled-1.jpg\" class=\"attachment-full size-full\" alt=\"\" srcset=\"https:\/\/carma-project.pl\/wp-content\/uploads\/2026\/03\/laboratorium-scaled-1.jpg 2276w, https:\/\/carma-project.pl\/wp-content\/uploads\/2026\/03\/laboratorium-scaled-1-267x300.jpg 267w, https:\/\/carma-project.pl\/wp-content\/uploads\/2026\/03\/laboratorium-scaled-1-910x1024.jpg 910w, https:\/\/carma-project.pl\/wp-content\/uploads\/2026\/03\/laboratorium-scaled-1-768x864.jpg 768w, https:\/\/carma-project.pl\/wp-content\/uploads\/2026\/03\/laboratorium-scaled-1-1366x1536.jpg 1366w, https:\/\/carma-project.pl\/wp-content\/uploads\/2026\/03\/laboratorium-scaled-1-1821x2048.jpg 1821w\" sizes=\"(max-width: 2276px) 100vw, 2276px\" \/><\/a>\n\t\t\t<\/div><\/figure><figure class='gallery-item'>\n\t\t\t<div class='gallery-icon portrait'>\n\t\t\t\t<a data-elementor-open-lightbox=\"yes\" data-elementor-lightbox-slideshow=\"a255963\" data-elementor-lightbox-title=\"laboratorium2-scaled\" data-e-action-hash=\"#elementor-action%3Aaction%3Dlightbox%26settings%3DeyJpZCI6MTE5MCwidXJsIjoiaHR0cHM6XC9cL2Nhcm1hLXByb2plY3QucGxcL3dwLWNvbnRlbnRcL3VwbG9hZHNcLzIwMjZcLzAzXC9sYWJvcmF0b3JpdW0yLXNjYWxlZC0xLmpwZyIsInNsaWRlc2hvdyI6ImEyNTU5NjMifQ%3D%3D\" href='https:\/\/carma-project.pl\/wp-content\/uploads\/2026\/03\/laboratorium2-scaled-1.jpg'><img decoding=\"async\" width=\"2272\" height=\"2560\" src=\"https:\/\/carma-project.pl\/wp-content\/uploads\/2026\/03\/laboratorium2-scaled-1.jpg\" class=\"attachment-full size-full\" alt=\"\" srcset=\"https:\/\/carma-project.pl\/wp-content\/uploads\/2026\/03\/laboratorium2-scaled-1.jpg 2272w, https:\/\/carma-project.pl\/wp-content\/uploads\/2026\/03\/laboratorium2-scaled-1-266x300.jpg 266w, https:\/\/carma-project.pl\/wp-content\/uploads\/2026\/03\/laboratorium2-scaled-1-909x1024.jpg 909w, https:\/\/carma-project.pl\/wp-content\/uploads\/2026\/03\/laboratorium2-scaled-1-768x865.jpg 768w, https:\/\/carma-project.pl\/wp-content\/uploads\/2026\/03\/laboratorium2-scaled-1-1363x1536.jpg 1363w, https:\/\/carma-project.pl\/wp-content\/uploads\/2026\/03\/laboratorium2-scaled-1-1818x2048.jpg 1818w\" sizes=\"(max-width: 2272px) 100vw, 2272px\" \/><\/a>\n\t\t\t<\/div><\/figure>\n\t\t<\/div>\n\t\t<\/div>\n\t\t\t\t\t\t<\/div>\n\t\t\t\t<\/div>\n\t\t\t\t\t<\/div>\n\t\t\t\t<\/div>\n\t\t\t\t<\/div>\n\t\t","protected":false},"excerpt":{"rendered":"<p>Prace laboratoryjne Prace laboratoryjne obejmuj\u0105 identyfikowane zebranego materia\u0142u do gatunku i starannie oczyszczane z wszelkich epibiont\u00f3w \u2013 drobnych organizm\u00f3w porastaj\u0105cych, kt\u00f3re mog\u0142yby zak\u0142\u00f3ci\u0107 wyniki bada\u0144. Nast\u0119pnie szkielet lub fragment kolonii (np. w przypadku mszywio\u0142\u00f3w) poddawany jest k\u0105pieli ultrad\u017awi\u0119kowej w wodzie ultra-czystej, a nast\u0119pnie suszony w temperaturze 70\u202f\u00b0C przez 24 godziny. Dalsze czynno\u015bci obejmuj\u0105 wieloetapowe przygotowanie [&hellip;]<\/p>\n","protected":false},"author":1,"featured_media":0,"parent":0,"menu_order":0,"comment_status":"closed","ping_status":"closed","template":"","meta":{"footnotes":""},"class_list":["post-968","page","type-page","status-publish","hentry"],"_links":{"self":[{"href":"https:\/\/carma-project.pl\/index.php\/wp-json\/wp\/v2\/pages\/968","targetHints":{"allow":["GET"]}}],"collection":[{"href":"https:\/\/carma-project.pl\/index.php\/wp-json\/wp\/v2\/pages"}],"about":[{"href":"https:\/\/carma-project.pl\/index.php\/wp-json\/wp\/v2\/types\/page"}],"author":[{"embeddable":true,"href":"https:\/\/carma-project.pl\/index.php\/wp-json\/wp\/v2\/users\/1"}],"replies":[{"embeddable":true,"href":"https:\/\/carma-project.pl\/index.php\/wp-json\/wp\/v2\/comments?post=968"}],"version-history":[{"count":15,"href":"https:\/\/carma-project.pl\/index.php\/wp-json\/wp\/v2\/pages\/968\/revisions"}],"predecessor-version":[{"id":1193,"href":"https:\/\/carma-project.pl\/index.php\/wp-json\/wp\/v2\/pages\/968\/revisions\/1193"}],"wp:attachment":[{"href":"https:\/\/carma-project.pl\/index.php\/wp-json\/wp\/v2\/media?parent=968"}],"curies":[{"name":"wp","href":"https:\/\/api.w.org\/{rel}","templated":true}]}}